 and 312.
312
What is the highest common divisor of 184428 and 6016?
188
What is the greatest common divisor of 57 and 148656?
57
Calculate the highest common divisor of 97697 and 151.
151
What is the highest common divisor of 2490 and 40338?
498
Calculate the greatest common divisor of 17360 and 3520.
80
What is the highest common factor of 144 and 8656?
16
Calculate the greatest common factor of 3763 and 1007.
53
What is the highest common factor of 23926 and 350?
14
What is the highest common factor of 5988654 and 1134?
1134
Calculate the greatest common divisor of 19110 and 810.
30
Calculate the highest common factor of 589 and 1558.
19
What is the greatest common divisor of 656 and 4512?
16
What is the greatest common divisor of 40745 and 55?
5
What is the highest common divisor of 8525 and 24475?
275
Calculate the greatest common divisor of 157640 and 28.
28
What is the greatest common divisor of 5022965 and 118?
59
What is the greatest common factor of 19839 and 918?
51
What is the highest common factor of 199 and 368349?
199
Calculate the highest common factor of 439536 and 816.
48
Calculate the greatest common factor of 295767 and 6903.
531
What is the highest common factor of 54739 and 50920?
1273
Calculate the highest common factor of 78637 and 299.
299
What is the greatest common divisor of 3704 and 6824?
8
Calculate the greatest common divisor of 84 and 173790.
6
Calculate the greatest common divisor of 11716 and 580.
116
What is the greatest common divisor of 4991 and 14105?
217
What is the greatest common divisor of 57887 and 1070?
107
What is the greatest common factor of 13 and 1947881?
13
What is the highest common factor of 435 and 898971?
87
Calculate the greatest common factor of 90226 and 3546.
394
Calculate the highest common divisor of 2175 and 4640.
145
Calculate the greatest common factor of 2701 and 3996.
37
Calculate the greatest common divisor of 12943 and 353159.
1849
What is the greatest common divisor of 703 and 190703?
19
Calculate the greatest common divisor of 774 and 946.
86
Calculate the greatest common divisor of 157225 and 11875.
475
Calculate the greatest common divisor of 800 and 2025.
25
Calculate the greatest common divisor of 138 and 5428.
46
What is the greatest common factor of 120 and 2264280?
120
Calculate the highest common factor of 34918 and 10829.
221
Calculate the greatest common factor of 441 and 11259.
9
Calculate the highest common factor of 1875 and 89625.
375
Calculate the greatest common divisor of 728109 and 101.
101
Calculate the greatest common factor of 6 and 5554.
2
Calculate the greatest common divisor of 239673 and 36386.
791
Calculate the highest common divisor of 13 and 350363.
13
Calculate the highest common divisor of 109 and 4171.
1
What is the greatest common divisor of 14788 and 20?
4
Calculate the highest common factor of 211 and 317555.
211
What is the greatest common factor of 76 and 6422?
38
What is the highest common divisor of 17533 and 3152?
197
Calculate the highest common factor of 2806 and 96868.
122
What is the greatest common factor of 3458 and 23296?
182
Calculate the greatest common factor of 4304245 and 11.
11
What is the highest common divisor of 128 and 13504?
64
Calculate the highest common divisor of 612532 and 28.
4
Calculate the greatest common divisor of 1350793 and 499.
499
What is the highest common divisor of 14 and 61180?
14
Calculate the highest common divisor of 192290 and 210.
70
Calculate the highest common factor of 4677 and 79.
1
What is the greatest common factor of 277570 and 820?
410
What is the greatest common divisor of 16 and 378736?
16
Calculate the greatest common factor of 806288 and 1656.
184
Calculate the highest common factor of 9505 and 40.
5
What is the highest common divisor of 6 and 288994?
2
Calculate the greatest common factor of 24 and 213856.
8
Calculate the highest common factor of 89557 and 117.
13
Calculate the greatest common factor of 551 and 642814.
29
What is the greatest common factor of 60808 and 16?
8
Calculate the greatest common factor of 287360 and 138292.
1796
What is the greatest common divisor of 20 and 62390?
10
Calculate the highest common divisor of 101 and 336128.
101
Calculate the highest common factor of 38655 and 45.
45
What is the highest common factor of 81067 and 126?
7
What is the highest common divisor of 245 and 126763?
49
Calculate the highest common factor of 1323589 and 29.
29
What is the greatest common factor of 1044 and 86304?
348
Calculate the greatest common factor of 262631 and 543.
181
What is the greatest common factor of 4320 and 9900?
180
What is the highest common divisor of 250482 and 3447?
1149
What is the highest common factor of 233469 and 27?
27
Calculate the greatest common factor of 5781 and 2679.
141
What is the highest common factor of 42 and 9754857?
21
Calculate the highest common divisor of 207 and 311305.
23
Calculate the highest common divisor of 76534 and 136.
34
Calculate the highest common divisor of 34777 and 166.
83
Calculate the highest common divisor of 137302 and 33.
11
Calculate the greatest common factor of 292692 and 36.
12
Calculate the greatest common divisor of 174 and 222.
6
Calculate the highest common divisor of 8 and 84902.
2
What is the highest common factor of 8250 and 3450?
150
Calculate the highest common divisor of 44675 and 10.
5
Calculate the greatest common factor of 3545500 and 200.
100
Calculate the highest common factor of 107667 and 567.
63
Calculate the highest common divisor of 68102 and 6732.
34
Calculate the highest common factor of 1065 and 139515.
1065
Calculate the highest common divisor of 27 and 43038.
27
Calculate the greatest common divisor of 7857083 and 599.
599
Calculate the greatest common factor of 105 and 9525.
15
Calculate the highest common divisor of 1212 and 394809.
303
What is the highest common factor of 219 and 1246767?
219
What is the greatest common factor of 48 and 1861308?
12
What is the highest common factor of 6 and 79554?
6
Calculate the highest common divisor of 34316 and 50508.
92
Calculate the greatest common divisor of 5850 and 728.
26
What is the highest common factor of 11 and 36619?
11
Calculate the greatest common factor of 1376 and 404630.
86
What is the highest common divisor of 1557 and 30967?
173
What is the greatest common divisor of 4325 and 112969?
173
What is the greatest common divisor of 72 and 20205144?
72
Calculate the highest common divisor of 66690 and 81.
27
What is the greatest common divisor of 180 and 61940?
20
What is the greatest common divisor of 1241 and 2006?
17
What is the highest common divisor of 16 and 75728?
16
Calculate the highest common factor of 205301 and 42091.
859
What is the highest common factor of 45978 and 54510?
474
What is the greatest common divisor of 11 and 167387?
11
Calculate the highest common divisor of 22866 and 296.
74
Calculate the greatest common factor of 607 and 574829.
607
Calculate the greatest common divisor of 1302 and 497.
7
Calculate the highest common divisor of 1183 and 34762.
91
Calculate the greatest common factor of 93 and 4474633.
31
Calculate the highest common factor of 16758 and 54.
18
What is the highest common divisor of 5800 and 129900?
100
Calculate the greatest common factor of 142 and 1123433.
71
Calculate the greatest common factor of 64 and 1684.
4
Calculate the greatest common factor of 49770 and 5040.
630
What is the greatest common factor of 21894 and 8241?
123
What is the greatest common factor of 59 and 320429?
59
Calculate the highest common factor of 32322 and 48.
6
What is the highest common factor of 1000 and 280900?
100
Calculate the highest common factor of 14418 and 890.
178
What is the greatest common divisor of 3040 and 140880?
80
Calculate the highest common factor of 71587 and 17.
17
Calculate the greatest common factor of 846 and 16967.
47
What is the highest common factor of 639 and 1521?
9
Calculate the highest common factor of 192 and 5424.
48
What is the highest common factor of 52243 and 623?
89
What is the highest common divisor of 8 and 325196?
4
Calculate the greatest common factor of 2544147 and 9.
9
What is the highest common divisor of 232 and 47008?
8
Calculate the greatest common factor 